8*r = -r - i. What is the greatest common divisor of 6 and r?
6
Suppose 1659 - 171 = 16*m. What is the greatest common factor of m and 1?
1
Suppose -2*r - 11*u - 14 = -10*u, -6 = 3*u. Let y be 7425/(-50)*4/r. What is the highest common factor of 66 and y?
33
Let s = 1037 + -113. Calculate the highest common divisor of 252 and s.
84
Let r = -134 + 369. Suppose 3*h - r = -67. Calculate the highest common factor of h and 21.
7
Suppose -4*d = -31 + 11. Let s(a) = -7*a - 20. Let m(h) = -8*h - 20. Let f(t) = 2*m(t) - 3*s(t). Let o be f(d). What is the greatest common factor of 225 and o?
45
Suppose -9*x + 2*l - 38656 = -13*x, 3*x - 3*l = 29010. What is the greatest common divisor of 54 and x?
54
Suppose u - 25*u = -264. Let p = -61 + 34. Let c = 50 - p. What is the greatest common factor of u and c?
11
Suppose -126 = 92*p - 85*p. Let a be 6/p + ((-480)/(-9) - -2). Calculate the highest common factor of 220 and a.
55
Let h(u) = -127*u + 948. Let b(o) = -32*o + 237. Let j(p) = -9*b(p) + 2*h(p). Let z be j(7). What is the greatest common divisor of 13 and z?
1
Suppose -7*m + 29 + 13 = 0. Suppose 0 = 3*k - 3 - m. Suppose y - k*o = 12, 4*o - 11 = 1. What is the greatest common divisor of 168 and y?
21
Let d be (-4*(-1)/(-6))/((-2)/18). Let s = 66 + d. What is the greatest common factor of s and 24?
24
Let g(u) = -3*u - 95. Let y(i) = 8*i + 191. Let v(x) = -11*g(x) - 6*y(x). Let r be v(-7). Calculate the highest common factor of r and 7.
1
Let y(p) = -324*p - 4. Let w(a) = -108*a - 1. Let i(s) = -17*w(s) + 6*y(s). Let r = 9 + -11. Let m be i(r). Calculate the greatest common factor of 19 and m.
19
Let i(m) = 8*m**2 - 6*m - 6. Let w be i(-1). Calculate the greatest common divisor of w and 952.
8
Let m = -2341 - -3992. What is the greatest common divisor of 65 and m?
13
Let w = -232 + 236. Suppose 3*o = -13*t + 16*t - 45, t - 15 = w*o. Calculate the greatest common divisor of 10 and t.
5
Let d(i) = -i**2 + 18*i - 17. Let g = -53 - -63. Let b be d(g). What is the greatest common divisor of b and 378?
63
Let s = -47 - -38. Let m be s/((75/(-80))/5). Suppose -4*n + v + 46 = -16, -3*n + v + 46 = 0. Calculate the highest common factor of n and m.
16
Let k be 264 + ((-3)/(126/6) - (-15)/7). What is the greatest common factor of 190 and k?
38
Let n(u) = u**3 - 92*u**2 + 81*u + 937. Let i be n(91). Calculate the highest common factor of i and 2943.
27
Let b = 4549 + -2974. What is the greatest common divisor of 100 and b?
25
Let k = 13867 + -13769. Calculate the greatest common factor of 4606 and k.
98
Suppose 0*l + 2775 = 5*l. Let f = -1161 + 1176. What is the greatest common divisor of l and f?
15
Suppose 2*w + 57 = -3. Let g be (-1540)/(-24) - (-5)/w. Calculate the greatest common divisor of g and 160.
32
Let i(t) = 11*t - 215. Let z be i(20). Suppose z*k + 0*n - 83 = 2*n, -3*n + 63 = 5*k. Calculate the highest common factor of k and 95.
5
Let v(y) = 13*y**2 + y**2 + 26 - 2*y**2 - y**3 - 25 - 11*y. Let k be v(11). Calculate the greatest common factor of k and 13.
1
Suppose 1104*k = 1102*k + 3*c + 231, 84 = k + 3*c. What is the highest common factor of k and 4795?
35
Suppose -27*k - 51 = -1401. Let l = -11 + 461. Calculate the greatest common factor of l and k.
50
Suppose -52*a + 53*a = 5*d - 22437, 0 = -a + 3. What is the greatest common divisor of 2112 and d?
264
Let n be 4668 + -9 - ((-5)/(-1))/1. Calculate the highest common divisor of n and 26.
26
Let q(r) = -186*r - 423. Let k(m) = 123*m + 282. Let p(a) = 7*k(a) + 5*q(a). Let c be p(-3). What is the greatest common divisor of c and 12?
6
Suppose 169 + 16 = -5*v. Let p = 0 - v. Let r = -25 + p. What is the greatest common factor of 8 and r?
4
Let p be 3*(-1)/6 - (-43656)/48. Calculate the greatest common divisor of 707 and p.
101
Let w be (1001/(-26))/((-2)/8 - 3/(-18)). Calculate the greatest common factor of w and 126.
42
Let v(f) = 15*f - 2. Let w be v(1). Suppose -w + 25 = 2*a. Let h = a + 10. Calculate the greatest common divisor of h and 176.
16
Suppose 3*k - 4*q - 334 = 0, -2*k + 6*q = -363 + 87. Let l(a) = -1 + 13*a**2 - 2 - 6*a**2. Let h be l(-3). What is the greatest common divisor of h and k?
30
Let v = 609 + 3016. What is the greatest common factor of 250 and v?
125
Suppose 4*t + 3*s = -430, 5*t - t + 4*s = -428. Let r be t/(-5) - (-3)/15. Suppose -15 = f - r. What is the highest common factor of 7 and f?
7
Let h be 17*-1*(-3 - -2). Suppose -67*d = -101*d + 12886. Let u = d + -328. What is the highest common divisor of h and u?
17
Let z(m) = -2*m**3 + 11*m**2 + 8*m - 64. Let j be z(-7). What is the greatest common divisor of 68 and j?
17
Let j(s) = s**2 - s + 110. Let f be j(0). Let t be (-4)/7 - (12 + (-3680)/70). What is the highest common factor of t and f?
10
Suppose 236 = -r + 60*r. Suppose q + 3*x = 664, -q - 3*q + 2656 = -r*x. What is the highest common divisor of q and 8?
8
Let p = 10 - -1. Suppose -3*q - 306 = -3*o, -23 = -o + 3*q + 71. Suppose -8*m = -o - 246. Calculate the highest common factor of m and p.
11
Let a(t) be the third derivative of 3/20*t**5 + 0*t + 0 - 1/12*t**4 - 13*t**2 - 4/3*t**3. Let j be a(-4). What is the highest common divisor of j and 16?
16
Let x(o) = -96*o + 3450. Let b be x(27). Calculate the highest common divisor of 6138 and b.
66
Let k be (-21601)/(-7) + (-1887)/119 + 15. What is the greatest common divisor of 20 and k?
5
Suppose -5*i + m + 13799 = 0, 4*m - 4444 = -5*i + 9360. Calculate the greatest common factor of i and 138.
138
Let a(o) = -298*o**3 - o**2 - o + 2. Suppose -3*z = -9*z + 6. Let n be a(z). Let v = n - -428. Calculate the greatest common factor of 52 and v.
26
Suppose -r = -5*z - 24, 5*r - 394*z = -392*z + 28. What is the highest common factor of r and 772?
4
Let y be (-56)/(-16)*(1430/77 - 10). Let m = -246 - -576. What is the highest common divisor of m and y?
30
Suppose -1513 = -3*j + 4*d - 112, j - 483 = -4*d. What is the highest common factor of j and 9?
3
Let l(x) = x**3 + x**2 + 2*x + 11. Let k be l(-2). Calculate the greatest common factor of 69 and k.
3
Let y = -27945 + 28092. Calculate the highest common divisor of 78 and y.
3
Let r be ((-100)/5)/(-1 + 0). Suppose -41*f - 190 = -223 - 1197. What is the highest common factor of r and f?
10
Suppose -2*i + 3*c + 2 = 1, 0 = -5*c + 25. Let w = 30300 - 30060. Calculate the highest common factor of w and i.
8
Let f(i) = 16*i - 221. Let b = 6 - -11. Let a be f(b). Calculate the highest common factor of a and 119.
17
Suppose -3*x = -4*n + 2*x + 4, 3*n - 5*x = 8. Let j be 1 + (n - -3 - -5). Let u(z) = 69*z + 7. Let f be u(j). Calculate the highest common divisor of 44 and f.
44
Let o = 52471 + -52319. Suppose 0 = 2*s - 1 - 31. Calculate the greatest common divisor of s and o.
8
Let a be 70/(-4)*(-24)/15. Let t be ((-20)/a - -3) + (-2)/7. Suppose -t*m - 4*s + 0 + 34 = 0, -s + 61 = 3*m. Calculate the greatest common factor of m and 168.
21
Suppose -3*y + 4*p + 18130 = 0, -3*y + 10500 = -2*p - 7628. What is the highest common factor of 228 and y?
114
Suppose -362*o + 179*o = -185*o + 14. What is the greatest common divisor of o and 832?
1
Let a = 1083 - 968. Let f(g) = 5*g + 6. Let d = 15 - 7. Let b be f(d). Calculate the highest common factor of a and b.
23
Suppose 55*z - 16929 = -15*z - 11*z. Calculate the greatest common factor of 437 and z.
19
Let a be (-2 - (-140)/(-30) - 6)/(6/(-27)). Let p = 1 - -2. Suppose 4*v - 18 = -2*s, -s + p*s + 2*v = 28. Calculate the highest common factor of a and s.
19
Suppose -g + 2172 = -3*i, -4*g = 13*i - 18*i - 8730. What is the highest common divisor of g and 10?
10
Let o be (-6)/(1/(39/(-6) + 3)). Let i(n) = 40 + 84 + o*n**2 - 25*n + n**3 - 218 + 46. Let l be i(-22). What is the greatest common factor of 117 and l?
9
Suppose -55006 = -96*v - 8350. Calculate the greatest common factor of v and 3564.
162
Suppose s = -3*m + 978, 0 = 6*m - 2*s - 1254 - 678. What is the highest common divisor of m and 876?
12
Let n = 167 + -26. Let h = -137 + n. Calculate the greatest common factor of 16 and h.
4
Suppose -10*m = -14*m - 3*l + 1695, 1689 = 4*m - 3*l. What is the greatest common divisor of 3102 and m?
141
Let g(f) be the second derivative of -7*f**4/12 + 7*f**3 - 7*f**2/2 + 17*f - 1. Let d be g(5). What is the greatest common divisor of 196 and d?
28
Suppose 